0?
18
Let q(w) = -2*w**3 - 5*w**2 - 10*w + 2. What is the remainder when q(-2) is divided by -2 - (-12 - -2 - -3)?
3
Suppose 2*f - 2*w = 592, 5*f = f - 3*w + 1219. What is the remainder when f is divided by 22?
15
What is the remainder when 182 + (-3)/(9/24) is divided by 31?
19
Suppose 150 = 3*v + 5*a, 10 = -2*v - 3*a + 111. What is the remainder when v is divided by 7?
6
Suppose -5*b = 5, -5*v - b = -0*b - 229. Suppose -12 = 4*d, 3 = 2*r - 5*d - v. Calculate the remainder when 47 is divided by r.
13
Calculate the remainder when 35 is divided by (-262)/(-22) + 2/22.
11
Suppose 607 = -35*v + 1622. What is the remainder when v is divided by 16?
13
Let i = -49 + 69. Suppose 5*z = -i, -v + 6*z = z - 38. What is the remainder when ((-53)/(-2))/((-2)/(-4)) is divided by v?
17
Let l(c) = c**2 + 3*c + 4. Let y be l(-2). Suppose 2*p + 3*h - 12 = -h, 0 = 4*p - y*h - 4. What is the remainder when -5*(-3)/(1 - -2) is divided by p?
1
Let p(m) = m**3 + 8*m**2 + 8*m + 5. Let c be p(-6). Suppose -c = -b - 16. Calculate the remainder when 50 is divided by b.
11
Let b(q) = 5*q**2 - 76*q - 19. What is the remainder when 128 is divided by b(16)?
38
Let z = -404 - -412. Calculate the remainder when 10 is divided by z.
2
Let j(p) = -4 + 14 - 13*p - 2 - p**2 + 12. Let m(h) = h - 2. What is the remainder when j(-14) is divided by m(5)?
0
Let i(r) = 2*r**2 - 3*r + 2. Suppose -3 = -f - 1. Let t be i(f). Let u(o) = -o**3 + 4*o**2 + o + 1. What is the remainder when 19 is divided by u(t)?
4
Let r(n) = 3*n + 10. Calculate the remainder when 337 is divided by r(30).
37
Calculate the remainder when (19/(-2))/(7/(-182)) is divided by 14.
9
Let f = -112 + 126. What is the remainder when 109 is divided by f?
11
Suppose -10*u - 32 = -372. What is the remainder when 338 is divided by u?
32
Calculate the remainder when (-2)/(-4) - (-8 - 699/2) is divided by 61.
53
Suppose -2*g = 2*o - 3*o + 22, 0 = 2*g. Suppose -43*t = -41*t - 118. What is the remainder when t is divided by o?
15
Suppose -r = -3*x - 0*x + 3, 3*x + 33 = 5*r. Suppose -u - 105 = -6*u. What is the remainder when u is divided by (3/r + -1)*-12?
5
Suppose 5*f - 14 = -2*l + 4*f, 30 = 2*l + 5*f. Let z be (-3)/6*(-3 - -3). Suppose x = 2 - z. Calculate the remainder when l is divided by x.
1
Suppose 80 = 5*s + 3*l, -3*s + 5*l + 34 = 4*l. Calculate the remainder when s is divided by 8 + 1/2*(-23 - -23).
5
Let v = -1 - -4. Suppose 2*q + 13 = 41. What is the remainder when q is divided by v?
2
What is the remainder when 102/180*152 + 6/(-45) is divided by 30?
26
Let l = 487 - 322. Suppose 2*q = -3*q + l. Calculate the remainder when 128 is divided by q.
29
Let y(p) = -p. Let w(f) = -8*f**2 - 6*f - 4. Let o(x) = -w(x) + 6*y(x). Suppose 29 + 10 = 3*k. What is the remainder when o(-2) is divided by k?
10
Suppose 4*t + 8*t = 4320. Suppose -5*r + 2*k - k = -348, -5*k - t = -5*r. Let g = 46 + -10. What is the remainder when r is divided by g?
33
Suppose -11*p + 10*p - 21 = 0. Let a = -20 - p. Calculate the remainder when 92 is divided by (-470)/(-25) + a/5.
16
Let l = 51 + -31. What is the remainder when l is divided by ((-2)/4)/((-3587)/238 - -15)?
6
Suppose -2*c - 5*r + 22 = -10, 0 = r. Let f = c + 9. Calculate the remainder when f is divided by 14.
11
Let a(c) = c**3 + 3*c**2 - 17*c - 9. What is the remainder when 180 is divided by a(-5)?
24
Calculate the remainder when (-7 + 5)*498/(-4) is divided by 21.
18
Let g(v) = -56*v**3 + 5*v**2 + 5*v + 1. Calculate the remainder when 341 is divided by g(-1).
56
Let p(r) = -r**2 - 23*r + 316. What is the remainder when 643 is divided by p(9)?
27
Suppose -3*k + 7*k - 16 = 0. Suppose -d = w + k*d + 22, 0 = 5*w - 5*d - 40. Suppose -w*t = -53 + 5. What is the remainder when 61 is divided by t?
13
Suppose 0*w = 4*q + w - 316, q = w + 79. What is the remainder when q is divided by -1*(-145 - -5)/7?
19
Suppose 17*k - 1017 = -9*k + 413. Let g = 4 + 0. Suppose -80 = -5*y - w + 12, g*w = -12. Calculate the remainder when k is divided by y.
17
Let v(k) = -k + 10. Let g be v(7). Suppose g*r = -5*c + 123 + 58, -r + 55 = 3*c. What is the remainder when r is divided by 17?
16
Suppose -465 = 2*c - 7*c. Suppose 12*g - 67*g = -1045. What is the remainder when c is divided by g?
17
Let s be (-5 + 2 + -80)*1/(-1). Let i = s + -57. Calculate the remainder when 51 is divided by i.
25
Suppose 44*k - 204 = 38*k. What is the remainder when 201 is divided by k?
31
Calculate the remainder when -10 + (-2 + -200)/(-1) is divided by 39.
36
Let l = -33 + 37. Suppose z = -j + 19, -2*j - l = -z - 0*j. What is the remainder when 26 is divided by z?
12
Let t = 2117 - 1344. What is the remainder when t is divided by 43?
42
Let h = -1928 - -1981. What is the remainder when h is divided by 9?
8
Suppose -3*g + 15 = 0, -x + 5*g + 0*g + 16 = 0. What is the remainder when x - (-4)/((-8)/6) is divided by 10?
8
Calculate the remainder when 166 is divided by 870/45*9/3.
50
Let f be (-2)/13 + (-2 - (-230)/(-26)). Let j = 24 + f. What is the remainder when j is divided by 8?
5
Let d(o) = 5*o - 25. Let i be d(12). Suppose -i*x + 41*x = 162. Calculate the remainder when 105 is divided by x.
24
Suppose 37*h - 38*h + 195 = -5*k, -4*h + 814 = -3*k. What is the remainder when h is divided by 9?
7
Let a = -29 + 7. Let b = 12 - a. What is the remainder when 168 is divided by b?
32
Let g(s) = -41*s + 3. Let j(d) = -2 - 2 + 9 - 3 + 4*d. Let x be j(-1). What is the remainder when g(x) is divided by 22?
19
Let m(z) be the first derivative of 5 - 1/3*z**3 - 3*z - 3/2*z**4 - 3/2*z**2. What is the remainder when m(-2) is divided by 12?
11
Let x(t) = -2*t**3 - 2*t**2 + t - 1. Let m be x(-2). Suppose -m*c + 26 = -54. Let g(i) = -i**2 + 8*i - 6. What is the remainder when c is divided by g(6)?
4
Calculate the remainder when 66/297 + 734/18 is divided by 15.
11
What is the remainder when 712/6 + 51/153 is divided by 62?
57
Let c(q) = 19*q - 106. Let a(z) = 4*z**2 - 4*z - 2. What is the remainder when a(4) is divided by c(6)?
6
Let b = -379 - -422. Calculate the remainder when 201 is divided by b.
29
Let r(o) = -41*o + 6. Let n be r(-6). Let m be n/45 + 3/(-5). Suppose q + 136 = m*q. What is the remainder when q is divided by 18?
16
Calculate the remainder when 73 is divided by (-6)/8 - (-437)/76.
3
Suppose 0 = 4*l - 4253 - 5923. Suppose -11 = 3*u - 2*z + 5, -4*z + 26 = -5*u. Calculate the remainder when u/(-10) + l/60 is divided by 22.
21
Suppose 4*c + p + p = 8, -p + 8 = 4*c. Suppose -56 = -c*v - 0*k + k, -2*v + 2*k + 60 = 0. What is the remainder when v is divided by 14?
12
Suppose 0*x - 3*x + 5*r = 5, 4*x + 4*r = 36. Suppose x*w = -g + 36, 0 = 4*g + 1 - 5. What is the remainder when 67 is divided by w?
4
Let g(x) = -x**3 + 3*x**2 + 10*x - 9. Let v be g(6). Suppose 6*o - 175 = o. What is the remainder when o is divided by (0 - (-1)/(-3))*v?
16
Suppose -3549 = -294*z + 281*z. What is the remainder when z is divided by 88?
9
Let a = 43 - -16. What is the remainder when a is divided by (-1)/((-675)/(-9639) + (-4)/34)?
17
Let t be 4/14 + (-20)/(-28). Calculate the remainder when 317 is divided by ((-14)/35)/(t*(-2)/160).
29
Suppose -5*m + 3*t = -100, 7*m = 10*m - 4*t - 71. What is the remainder when m is divided by 13?
4
Suppose 20 = 5*l + 5*i - 6*i, -4*l - 5*i - 13 = 0. Suppose 3*q - 54 = -2*q - 4*k, -q = -5*k - 5. Calculate the remainder when q is divided by l.
1
What is the remainder when 89 - 15*(-5 - 1)/18 is divided by 21?
10
Calculate the remainder when 4 is divided by 16/6 + (-10)/15.
0
Let r(z) = 2*z + 0 + z**3 - 3*z**2 + 2*z**2 - 3*z**2 + 2. Let o be r(2). Let b = 12 - o. Calculate the remainder when b is divided by 8.
6
Suppose -2 = -2*i + 3*g - 1, 0 = 4*i - 2*g - 6. Suppose -4*r - n + 21 = 0, 2*r = 3*r - 2*n + 6. What is the remainder when r is divided by i?
0
Let n(f) = -3*f**2 - 8*f - 3. Let z be n(-7). Let l = 140 + z. Suppose 3*a - 96 = -a. Calculate the remainder when l is divided by a.
22
Suppose 22*r = -r + 3979. Calculate the remainder when r is divided by 45.
38
What is the remainder when 18/(-24) + 4/((-16)/(-1343)) is divided by 57?
50
Let j be (-4)/6 - (-12)/(-9). Suppose 0 = -2*g + 4*g - 20. Calculate the remainder when g is divided by (-28)/(-4) + j + -1.
2
Let d(v) = 29*v - 17. What is the remainder when d(2) is divided b